at is the remainder when 1417 is divided by 12?
1
What is the remainder when 127 is divided by 47?
33
What is the remainder when 413 is divided by 22?
17
What is the remainder when 3258 is divided by 14?
10
Calculate the remainder when 2809 is divided by 2806.
3
Calculate the remainder when 49 is divided by 13.
10
Calculate the remainder when 1590 is divided by 145.
140
Calculate the remainder when 233 is divided by 22.
13
Calculate the remainder when 445 is divided by 221.
3
Calculate the remainder when 515 is divided by 48.
35
Calculate the remainder when 291 is divided by 170.
121
Calculate the remainder when 2428 is divided by 6.
4
Calculate the remainder when 279 is divided by 144.
135
Calculate the remainder when 270 is divided by 127.
16
What is the remainder when 1 is divided by 1?
0
What is the remainder when 2889 is divided by 30?
9
Calculate the remainder when 194 is divided by 43.
22
Calculate the remainder when 6296 is divided by 105.
101
What is the remainder when 631 is divided by 35?
1
What is the remainder when 641 is divided by 15?
11
Calculate the remainder when 4079 is divided by 157.
154
What is the remainder when 8294 is divided by 16?
6
Calculate the remainder when 901 is divided by 224.
5
Calculate the remainder when 66 is divided by 55.
11
What is the remainder when 97 is divided by 10?
7
What is the remainder when 2027 is divided by 3?
2
Calculate the remainder when 569 is divided by 65.
49
What is the remainder when 2791 is divided by 43?
39
What is the remainder when 334 is divided by 162?
10
Calculate the remainder when 142 is divided by 24.
22
Calculate the remainder when 98 is divided by 27.
17
What is the remainder when 24774 is divided by 26?
22
Calculate the remainder when 1181 is divided by 74.
71
Calculate the remainder when 296 is divided by 111.
74
What is the remainder when 601 is divided by 185?
46
Calculate the remainder when 6169 is divided by 17.
15
Calculate the remainder when 30 is divided by 11.
8
Calculate the remainder when 194 is divided by 77.
40
Calculate the remainder when 1613 is divided by 163.
146
Calculate the remainder when 1943 is divided by 24.
23
Calculate the remainder when 55 is divided by 46.
9
Calculate the remainder when 899 is divided by 12.
11
What is the remainder when 45 is divided by 22?
1
Calculate the remainder when 81 is divided by 42.
39
Calculate the remainder when 22 is divided by 6.
4
Calculate the remainder when 1080 is divided by 19.
16
What is the remainder when 71 is divided by 26?
19
What is the remainder when 106 is divided by 26?
2
Calculate the remainder when 1249 is divided by 416.
1
Calculate the remainder when 943 is divided by 22.
19
Calculate the remainder when 1000 is divided by 250.
0
Calculate the remainder when 2543 is divided by 16.
15
What is the remainder when 98 is divided by 13?
7
Calculate the remainder when 347 is divided by 35.
32
What is the remainder when 1128 is divided by 39?
36
Calculate the remainder when 853 is divided by 15.
13
What is the remainder when 1226 is divided by 207?
191
Calculate the remainder when 208 is divided by 21.
19
What is the remainder when 146 is divided by 18?
2
What is the remainder when 2523 is divided by 32?
27
Calculate the remainder when 24370 is divided by 36.
34
Calculate the remainder when 525 is divided by 12.
9
Calculate the remainder when 545 is divided by 38.
13
Calculate the remainder when 4087 is divided by 100.
87
Calculate the remainder when 897 is divided by 9.
6
What is the remainder when 1613 is divided by 85?
83
Calculate the remainder when 158 is divided by 152.
6
What is the remainder when 1418 is divided by 111?
86
Calculate the remainder when 948 is divided by 55.
13
Calculate the remainder when 100 is divided by 44.
12
Calculate the remainder when 8466 is divided by 58.
56
What is the remainder when 102 is divided by 8?
6
What is the remainder when 496 is divided by 20?
16
What is the remainder when 3386 is divided by 20?
6
Calculate the remainder when 843 is divided by 36.
15
What is the remainder when 557 is divided by 111?
2
What is the remainder when 87 is divided by 15?
12
What is the remainder when 7899 is divided by 26?
21
What is the remainder when 1288 is divided by 445?
398
Calculate the remainder when 559 is divided by 20.
19
Calculate the remainder when 75 is divided by 25.
0
What is the remainder when 1689 is divided by 192?
153
What is the remainder when 60 is divided by 9?
6
Calculate the remainder when 273 is divided by 32.
17
What is the remainder when 154 is divided by 56?
42
Calculate the remainder when 1420 is divided by 62.
56
Calculate the remainder when 163 is divided by 134.
29
What is the remainder when 3067 is divided by 16?
11
What is the remainder when 2400 is divided by 65?
60
Calculate the remainder when 88 is divided by 13.
10
What is the remainder when 211 is divided by 24?
19
What is the remainder when 369 is divided by 69?
24
What is the remainder when 673 is divided by 75?
73
Calculate the remainder when 746 is divided by 63.
53
What is the remainder when 669 is divided by 48?
45
Calculate the remainder when 70 is divided by 18.
16
What is the remainder when 181 is divided by 39?
25
What is the remainder when 1090 is divided by 228?
178
What is the remainder when 829 is divided by 52?
49
Calculate the remainder when 2996 is divided by 32.
20
What is the remainder when 1589 is divided by 43?
41
What is the remainder when 1234 is divided by 59?
54
Calculate the remainder when 198 is divided by 51.
45
Calculate the remainder when 413 is divided by 3.
2
What is the remainder when 456 is divided by 33?
27
What is the remainder when 806 is divided by 82?
68
Calculate the remainder when 8068 is divided by 34.
10
Calculate the remainder when 245 is divided by 16.
5
Calculate the remainder when 690 is divided by 331.
28
What is the remainder when 419 is divided by 20?
19
What is the remainder when 2835 is divided by 939?
18
What is the remainder when 1634 is divided by 93?
53
Calculate the remainder when 312 is divided by 8.
0
What is the remainder when 93 is divided by 19?
17
What is the remainder when 1797 is divided by 36?
33
Calculate the remainder when 166 is divided by 4.
2
Calculate the remainder when 58 is divided by 19.
1
Calculate the remainder when 2918 is divided by 139.
138
Calculate the remainder when 53770 is divided by 334.
330
What is the remainder when 274 is divided by 245?
29
Calculate the remainder when 716 is divided by 241.
234
Calculate the remainder when 586 is divided by 22.
14
Calculate the remainder when 705 is divided by 229.
18
Calculate the remainder when 707 is divided by 179.
170
Calculate the remainder when 4195 is divided by 221.
217
Calculate the remainder when 346 is divided by 73.
54
Calculate the remainder when 519 is divided by 263.
256
Calculate the remainder when 171 is divided by 12.
3
Calculate the remainder when 819 is divided by 296.
227
What is the remainder when 2461 is divided by 818?
7
What is the remainder when 1886 is divided by 21?
17
What is the remainder when 430 is divided by 72?
70
What is the remainder when 10519 is divided by 10?
9
Calculate the remainder when 79 is divided by 45.
34
What is the remainder when 3677 is divided by 3?
2
Calculate the remainder when 1059 is divided by 8.
3
What is the remainder when 157 is divided by 37?
9
What is the remainder when 250 is divided by 33?
19
What is the remainder when 66 is divided by 57?
9
What is the remainder when 110 is divided by 54?
2
Calculate the remainder when 1028 is divided by 35.
13
Calculate the remainder when 103 is divided by 30.
13
What is the remainder when 842 is divided by 13?
10
What is the remainder when 319 is divided by 164?
155
What is the remainder when 1681 is divided by 77?
64
Calculate the remainder when 664 is divided by 35.
34
Calculate the remainder when 5787 is divided by 1925.
12
Calculate the remainder when 262 is divided by 6.
4
Calculate the remainder when 2649 is divided by 13.
10
Calculate the remainder when 35 is divided by 10.
5
Calculate the remainder when 97 is divided by 14.
13
Calculate the remainder when 1568 is divided by 34.
4
Calculate the remainder when 286 is divided by 7.
6
Calculate the remainder when 41